{"id":317,"date":"2026-04-20T15:29:27","date_gmt":"2026-04-20T18:29:27","guid":{"rendered":"https:\/\/conexaoinhame.com.br\/?page_id=317"},"modified":"2026-04-20T15:42:39","modified_gmt":"2026-04-20T18:42:39","slug":"ultimas-noticias","status":"publish","type":"page","link":"https:\/\/conexaoinhame.com.br\/?page_id=317","title":{"rendered":"\u00daltimas Not\u00edcias"},"content":{"rendered":"\t\t<div data-elementor-type=\"wp-page\" data-elementor-id=\"317\" class=\"elementor elementor-317\" data-elementor-post-type=\"page\">\n\t\t\t\t\t\t<section class=\"elementor-section elementor-top-section elementor-element elementor-element-1759ffd6 elementor-section-boxed elementor-section-height-default elementor-section-height-default\" data-id=\"1759ffd6\" data-element_type=\"section\" data-e-type=\"section\" data-settings=\"{&quot;background_background&quot;:&quot;classic&quot;,&quot;jet_parallax_layout_list&quot;:[]}\">\n\t\t\t\t\t\t<div class=\"elementor-container elementor-column-gap-default\">\n\t\t\t\t\t<div class=\"elementor-column elementor-col-100 elementor-top-column elementor-element elementor-element-27a8ad73\" data-id=\"27a8ad73\" data-element_type=\"column\" data-e-type=\"column\">\n\t\t\t<div class=\"elementor-widget-wrap elementor-element-populated\">\n\t\t\t\t\t\t<div class=\"elementor-element elementor-element-1f6f80d elementor-widget elementor-widget-heading\" data-id=\"1f6f80d\" data-element_type=\"widget\" data-e-type=\"widget\" data-widget_type=\"heading.default\">\n\t\t\t\t\t<h2 class=\"elementor-heading-title elementor-size-default\">\u00daLTIMAS NOT\u00cdCIAS<\/h2>\t\t\t\t<\/div>\n\t\t\t\t\t<\/div>\n\t\t<\/div>\n\t\t\t\t\t<\/div>\n\t\t<\/section>\n\t\t\t\t<section class=\"elementor-section elementor-top-section elementor-element elementor-element-18fd4876 elementor-section-boxed elementor-section-height-default elementor-section-height-default\" data-id=\"18fd4876\" data-element_type=\"section\" data-e-type=\"section\" data-settings=\"{&quot;jet_parallax_layout_list&quot;:[]}\">\n\t\t\t\t\t\t<div class=\"elementor-container elementor-column-gap-default\">\n\t\t\t\t\t<div class=\"elementor-column elementor-col-50 elementor-top-column elementor-element elementor-element-44ea4842\" data-id=\"44ea4842\" data-element_type=\"column\" data-e-type=\"column\">\n\t\t\t<div class=\"elementor-widget-wrap elementor-element-populated\">\n\t\t\t\t\t\t<div class=\"elementor-element elementor-element-feb0d0e elementor-widget elementor-widget-jet-posts\" data-id=\"feb0d0e\" data-element_type=\"widget\" data-e-type=\"widget\" data-settings=\"{&quot;slides_to_scroll&quot;:&quot;2&quot;,&quot;columns&quot;:3}\" data-widget_type=\"jet-posts.default\">\n\t\t\t\t<div class=\"elementor-widget-container\">\n\t\t\t\t\t<div class=\"elementor-jet-posts jet-elements\"><div class=\"jet-posts col-row \"><div class=\"jet-posts__item\">\n\t<div class=\"jet-posts__inner-box\"><div class=\"post-thumbnail\"><a href=\"https:\/\/conexaoinhame.com.br\/?p=237\" class=\"post-thumbnail__link\"><img loading=\"lazy\" decoding=\"async\" class=\"post-thumbnail__img wp-post-image\" src=\"https:\/\/conexaoinhame.com.br\/wp-content\/uploads\/2026\/04\/img_1156-1.jpeg\" alt=\"Prefeito Rodrigo Cunha amplia inclus\u00e3o nas escolas com material de comunica\u00e7\u00e3o alternativa e mais 1000 profissionais de Apoio\" loading=\"lazy\" width=\"582\" height=\"320\"><\/a><\/div><div class=\"jet-posts__inner-content\"><h4 class=\"entry-title\"><a href=\"https:\/\/conexaoinhame.com.br\/?p=237\" target=\"\">Prefeito Rodrigo Cunha amplia inclus\u00e3o nas escolas com material de comunica\u00e7\u00e3o...<\/a><\/h4><div class=\"jet-more-wrap\"><a href=\"https:\/\/conexaoinhame.com.br\/?p=237\" class=\"btn btn-primary elementor-button elementor-size-md jet-more\" target=\"\"><span class=\"btn__text\">Leia Mais<\/span><\/a><\/div><\/div><\/div>\n<\/div>\n<div class=\"jet-posts__item\">\n\t<div class=\"jet-posts__inner-box\"><div class=\"post-thumbnail\"><a href=\"https:\/\/conexaoinhame.com.br\/?p=220\" class=\"post-thumbnail__link\"><img loading=\"lazy\" decoding=\"async\" class=\"post-thumbnail__img wp-post-image\" src=\"https:\/\/conexaoinhame.com.br\/wp-content\/uploads\/2026\/04\/Captura-de-tela_28-3-2026_2025_www.rfi_.fr_.jpeg\" alt=\"Guerra no Oriente M\u00e9dio pressiona Iraque e Macron alerta para risco de expans\u00e3o do conflito\" loading=\"lazy\" width=\"876\" height=\"453\"><\/a><\/div><div class=\"jet-posts__inner-content\"><h4 class=\"entry-title\"><a href=\"https:\/\/conexaoinhame.com.br\/?p=220\" target=\"\">Guerra no Oriente M\u00e9dio pressiona Iraque e Macron alerta para risco...<\/a><\/h4><div class=\"jet-more-wrap\"><a href=\"https:\/\/conexaoinhame.com.br\/?p=220\" class=\"btn btn-primary elementor-button elementor-size-md jet-more\" target=\"\"><span class=\"btn__text\">Leia Mais<\/span><\/a><\/div><\/div><\/div>\n<\/div>\n<div class=\"jet-posts__item\">\n\t<div class=\"jet-posts__inner-box\"><div class=\"post-thumbnail\"><a href=\"https:\/\/conexaoinhame.com.br\/?p=217\" class=\"post-thumbnail__link\"><img loading=\"lazy\" decoding=\"async\" class=\"post-thumbnail__img wp-post-image\" src=\"https:\/\/conexaoinhame.com.br\/wp-content\/uploads\/2026\/04\/IMG_4722.webp\" alt=\"Investidores estrangeiros sacam R$ 4,8 bilh\u00f5es da Bolsa um dia antes de Trump anunciar tarifas de 50% sobre importa\u00e7\u00f5es brasileiras\" loading=\"lazy\" width=\"414\" height=\"280\"><\/a><\/div><div class=\"jet-posts__inner-content\"><h4 class=\"entry-title\"><a href=\"https:\/\/conexaoinhame.com.br\/?p=217\" target=\"\">Investidores estrangeiros sacam R$ 4,8 bilh\u00f5es da Bolsa um dia antes...<\/a><\/h4><div class=\"jet-more-wrap\"><a href=\"https:\/\/conexaoinhame.com.br\/?p=217\" class=\"btn btn-primary elementor-button elementor-size-md jet-more\" target=\"\"><span class=\"btn__text\">Leia Mais<\/span><\/a><\/div><\/div><\/div>\n<\/div>\n<div class=\"jet-posts__item\">\n\t<div class=\"jet-posts__inner-box\"><div class=\"post-thumbnail\"><a href=\"https:\/\/conexaoinhame.com.br\/?p=214\" class=\"post-thumbnail__link\"><img loading=\"lazy\" decoding=\"async\" class=\"post-thumbnail__img wp-post-image\" src=\"https:\/\/conexaoinhame.com.br\/wp-content\/uploads\/2026\/04\/crb-foto-francisco-cedrim_widexl.jpg\" alt=\"CRB encara o Oper\u00e1rio-PR em busca de respiro ap\u00f3s sequ\u00eancia amarga\" loading=\"lazy\" width=\"1200\" height=\"675\"><\/a><\/div><div class=\"jet-posts__inner-content\"><h4 class=\"entry-title\"><a href=\"https:\/\/conexaoinhame.com.br\/?p=214\" target=\"\">CRB encara o Oper\u00e1rio-PR em busca de respiro ap\u00f3s sequ\u00eancia amarga<\/a><\/h4><div class=\"jet-more-wrap\"><a href=\"https:\/\/conexaoinhame.com.br\/?p=214\" class=\"btn btn-primary elementor-button elementor-size-md jet-more\" target=\"\"><span class=\"btn__text\">Leia Mais<\/span><\/a><\/div><\/div><\/div>\n<\/div>\n<div class=\"jet-posts__item\">\n\t<div class=\"jet-posts__inner-box\"><div class=\"post-thumbnail\"><a href=\"https:\/\/conexaoinhame.com.br\/?p=196\" class=\"post-thumbnail__link\"><img loading=\"lazy\" decoding=\"async\" class=\"post-thumbnail__img wp-post-image\" src=\"https:\/\/conexaoinhame.com.br\/wp-content\/uploads\/2026\/04\/img_1028.jpeg\" alt=\"Uso de antibi\u00f3ticos pode alterar o intestino por at\u00e9 uma d\u00e9cada, aponta estudo\" loading=\"lazy\" width=\"1179\" height=\"677\"><\/a><\/div><div class=\"jet-posts__inner-content\"><h4 class=\"entry-title\"><a href=\"https:\/\/conexaoinhame.com.br\/?p=196\" target=\"\">Uso de antibi\u00f3ticos pode alterar o intestino por at\u00e9 uma d\u00e9cada,...<\/a><\/h4><div class=\"jet-more-wrap\"><a href=\"https:\/\/conexaoinhame.com.br\/?p=196\" class=\"btn btn-primary elementor-button elementor-size-md jet-more\" target=\"\"><span class=\"btn__text\">Leia Mais<\/span><\/a><\/div><\/div><\/div>\n<\/div>\n<div class=\"jet-posts__item\">\n\t<div class=\"jet-posts__inner-box\"><div class=\"post-thumbnail\"><a href=\"https:\/\/conexaoinhame.com.br\/?p=148\" class=\"post-thumbnail__link\"><img loading=\"lazy\" decoding=\"async\" class=\"post-thumbnail__img wp-post-image\" src=\"https:\/\/conexaoinhame.com.br\/wp-content\/uploads\/2026\/04\/carro.png\" alt=\"BYD e7 \u00e9 bom? Veja pre\u00e7o, autonomia e tecnologias do carro el\u00e9trico\" loading=\"lazy\" width=\"888\" height=\"533\"><\/a><\/div><div class=\"jet-posts__inner-content\"><h4 class=\"entry-title\"><a href=\"https:\/\/conexaoinhame.com.br\/?p=148\" target=\"\">BYD e7 \u00e9 bom? Veja pre\u00e7o, autonomia e tecnologias do carro...<\/a><\/h4><div class=\"jet-more-wrap\"><a href=\"https:\/\/conexaoinhame.com.br\/?p=148\" class=\"btn btn-primary elementor-button elementor-size-md jet-more\" target=\"\"><span class=\"btn__text\">Leia Mais<\/span><\/a><\/div><\/div><\/div>\n<\/div>\n<div class=\"jet-posts__item\">\n\t<div class=\"jet-posts__inner-box\"><div class=\"post-thumbnail\"><a href=\"https:\/\/conexaoinhame.com.br\/?p=130\" class=\"post-thumbnail__link\"><img loading=\"lazy\" decoding=\"async\" class=\"post-thumbnail__img wp-post-image\" src=\"https:\/\/conexaoinhame.com.br\/wp-content\/uploads\/2026\/04\/img_0276-2.jpg\" alt=\"Prefeita Pauline Pereira alcan\u00e7a 91% de aprova\u00e7\u00e3o em Campo Alegre, segundo Instituto Apice\" loading=\"lazy\" width=\"1063\" height=\"841\"><\/a><\/div><div class=\"jet-posts__inner-content\"><h4 class=\"entry-title\"><a href=\"https:\/\/conexaoinhame.com.br\/?p=130\" target=\"\">Prefeita Pauline Pereira alcan\u00e7a 91% de aprova\u00e7\u00e3o em Campo Alegre, segundo...<\/a><\/h4><div class=\"jet-more-wrap\"><a href=\"https:\/\/conexaoinhame.com.br\/?p=130\" class=\"btn btn-primary elementor-button elementor-size-md jet-more\" target=\"\"><span class=\"btn__text\">Leia Mais<\/span><\/a><\/div><\/div><\/div>\n<\/div>\n<div class=\"jet-posts__item\">\n\t<div class=\"jet-posts__inner-box\"><div class=\"post-thumbnail\"><a href=\"https:\/\/conexaoinhame.com.br\/?p=127\" class=\"post-thumbnail__link\"><img loading=\"lazy\" decoding=\"async\" class=\"post-thumbnail__img wp-post-image\" src=\"https:\/\/conexaoinhame.com.br\/wp-content\/uploads\/2026\/04\/img_0905.jpeg\" alt=\"HC PET: Macei\u00f3 anuncia novo hospital veterin\u00e1rio\" loading=\"lazy\" width=\"1179\" height=\"798\"><\/a><\/div><div class=\"jet-posts__inner-content\"><h4 class=\"entry-title\"><a href=\"https:\/\/conexaoinhame.com.br\/?p=127\" target=\"\">HC PET: Macei\u00f3 anuncia novo hospital veterin\u00e1rio<\/a><\/h4><div class=\"jet-more-wrap\"><a href=\"https:\/\/conexaoinhame.com.br\/?p=127\" class=\"btn btn-primary elementor-button elementor-size-md jet-more\" target=\"\"><span class=\"btn__text\">Leia Mais<\/span><\/a><\/div><\/div><\/div>\n<\/div>\n<div class=\"jet-posts__item\">\n\t<div class=\"jet-posts__inner-box\"><div class=\"post-thumbnail\"><a href=\"https:\/\/conexaoinhame.com.br\/?p=124\" class=\"post-thumbnail__link\"><img loading=\"lazy\" decoding=\"async\" class=\"post-thumbnail__img wp-post-image\" src=\"https:\/\/conexaoinhame.com.br\/wp-content\/uploads\/2026\/04\/img_0910.jpeg\" alt=\"Thiago Prado assume novamente a Seguran\u00e7a P\u00fablica de Macei\u00f3 e segue como nome forte na gest\u00e3o de JHC\" loading=\"lazy\" width=\"420\" height=\"557\"><\/a><\/div><div class=\"jet-posts__inner-content\"><h4 class=\"entry-title\"><a href=\"https:\/\/conexaoinhame.com.br\/?p=124\" target=\"\">Thiago Prado assume novamente a Seguran\u00e7a P\u00fablica de Macei\u00f3 e segue...<\/a><\/h4><div class=\"jet-more-wrap\"><a href=\"https:\/\/conexaoinhame.com.br\/?p=124\" class=\"btn btn-primary elementor-button elementor-size-md jet-more\" target=\"\"><span class=\"btn__text\">Leia Mais<\/span><\/a><\/div><\/div><\/div>\n<\/div>\n<div class=\"jet-posts__item\">\n\t<div class=\"jet-posts__inner-box\"><div class=\"post-thumbnail\"><a href=\"https:\/\/conexaoinhame.com.br\/?p=121\" class=\"post-thumbnail__link\"><img loading=\"lazy\" decoding=\"async\" class=\"post-thumbnail__img wp-post-image\" src=\"https:\/\/conexaoinhame.com.br\/wp-content\/uploads\/2026\/04\/img_1034.jpeg\" alt=\"Kelmann Vieira deixa lideran\u00e7a na C\u00e2mara para abrir espa\u00e7o a Rodrigo Cunha\" loading=\"lazy\" width=\"1038\" height=\"858\"><\/a><\/div><div class=\"jet-posts__inner-content\"><h4 class=\"entry-title\"><a href=\"https:\/\/conexaoinhame.com.br\/?p=121\" target=\"\">Kelmann Vieira deixa lideran\u00e7a na C\u00e2mara para abrir espa\u00e7o a Rodrigo...<\/a><\/h4><div class=\"jet-more-wrap\"><a href=\"https:\/\/conexaoinhame.com.br\/?p=121\" class=\"btn btn-primary elementor-button elementor-size-md jet-more\" target=\"\"><span class=\"btn__text\">Leia Mais<\/span><\/a><\/div><\/div><\/div>\n<\/div>\n<\/div>\n<\/div>\t\t\t\t<\/div>\n\t\t\t\t<\/div>\n\t\t\t\t\t<\/div>\n\t\t<\/div>\n\t\t\t\t<div class=\"elementor-column elementor-col-50 elementor-top-column elementor-element elementor-element-1a483ebe\" data-id=\"1a483ebe\" data-element_type=\"column\" data-e-type=\"column\">\n\t\t\t<div class=\"elementor-widget-wrap elementor-element-populated\">\n\t\t\t\t\t\t<section class=\"elementor-section elementor-inner-section elementor-element elementor-element-4fad120e elementor-section-boxed elementor-section-height-default elementor-section-height-default\" data-id=\"4fad120e\" data-element_type=\"section\" data-e-type=\"section\" data-settings=\"{&quot;jet_parallax_layout_list&quot;:[]}\">\n\t\t\t\t\t\t<div class=\"elementor-container elementor-column-gap-no\">\n\t\t\t\t\t<div class=\"elementor-column elementor-col-100 elementor-inner-column elementor-element elementor-element-10841daa\" data-id=\"10841daa\" data-element_type=\"column\" data-e-type=\"column\">\n\t\t\t<div class=\"elementor-widget-wrap elementor-element-populated\">\n\t\t\t\t\t\t<div class=\"elementor-element elementor-element-3a9055ad elementor-widget__width-auto elementor-widget elementor-widget-heading\" data-id=\"3a9055ad\" data-element_type=\"widget\" data-e-type=\"widget\" data-widget_type=\"heading.default\">\n\t\t\t\t\t<span class=\"elementor-heading-title elementor-size-default\">Mais Lidas<\/span>\t\t\t\t<\/div>\n\t\t\t\t<div class=\"elementor-element elementor-element-63382647 elementor-widget-divider--view-line elementor-widget elementor-widget-divider\" data-id=\"63382647\" data-element_type=\"widget\" data-e-type=\"widget\" data-widget_type=\"divider.default\">\n\t\t\t\t\t\t\t<div class=\"elementor-divider\">\n\t\t\t<span class=\"elementor-divider-separator\">\n\t\t\t\t\t\t<\/span>\n\t\t<\/div>\n\t\t\t\t\t\t<\/div>\n\t\t\t\t<div class=\"elementor-element elementor-element-54e70594 elementor-grid-1 elementor-posts--thumbnail-left elementor-grid-tablet-2 elementor-grid-mobile-1 elementor-widget elementor-widget-posts\" data-id=\"54e70594\" data-element_type=\"widget\" data-e-type=\"widget\" data-settings=\"{&quot;classic_columns&quot;:&quot;1&quot;,&quot;classic_row_gap&quot;:{&quot;unit&quot;:&quot;px&quot;,&quot;size&quot;:10,&quot;sizes&quot;:[]},&quot;classic_columns_tablet&quot;:&quot;2&quot;,&quot;classic_columns_mobile&quot;:&quot;1&quot;,&quot;classic_row_gap_tablet&quot;:{&quot;unit&quot;:&quot;px&quot;,&quot;size&quot;:&quot;&quot;,&quot;sizes&quot;:[]},&quot;classic_row_gap_mobile&quot;:{&quot;unit&quot;:&quot;px&quot;,&quot;size&quot;:&quot;&quot;,&quot;sizes&quot;:[]}}\" data-widget_type=\"posts.classic\">\n\t\t\t\t<div class=\"elementor-widget-container\">\n\t\t\t\t\t\t\t<div class=\"elementor-posts-container elementor-posts elementor-posts--skin-classic elementor-grid\" role=\"list\">\n\t\t\t\t<article class=\"elementor-post elementor-grid-item post-196 post type-post status-publish format-standard has-post-thumbnail hentry category-saude\" role=\"listitem\">\n\t\t\t\t<a class=\"elementor-post__thumbnail__link\" href=\"https:\/\/conexaoinhame.com.br\/?p=196\" tabindex=\"-1\" >\n\t\t\t<div class=\"elementor-post__thumbnail\"><img fetchpriority=\"high\" decoding=\"async\" width=\"300\" height=\"172\" src=\"https:\/\/conexaoinhame.com.br\/wp-content\/uploads\/2026\/04\/img_1028-300x172.jpeg\" class=\"attachment-medium size-medium wp-image-212\" alt=\"\" srcset=\"https:\/\/conexaoinhame.com.br\/wp-content\/uploads\/2026\/04\/img_1028-300x172.jpeg 300w, https:\/\/conexaoinhame.com.br\/wp-content\/uploads\/2026\/04\/img_1028-1024x588.jpeg 1024w, https:\/\/conexaoinhame.com.br\/wp-content\/uploads\/2026\/04\/img_1028-768x441.jpeg 768w, https:\/\/conexaoinhame.com.br\/wp-content\/uploads\/2026\/04\/img_1028.jpeg 1179w\" sizes=\"(max-width: 300px) 100vw, 300px\" \/><\/div>\n\t\t<\/a>\n\t\t\t\t<div class=\"elementor-post__text\">\n\t\t\t\t<h3 class=\"elementor-post__title\">\n\t\t\t<a href=\"https:\/\/conexaoinhame.com.br\/?p=196\" >\n\t\t\t\tUso de antibi\u00f3ticos pode alterar o intestino por at\u00e9 uma d\u00e9cada, aponta estudo\t\t\t<\/a>\n\t\t<\/h3>\n\t\t\t\t<div class=\"elementor-post__meta-data\">\n\t\t\t\t\t<span class=\"elementor-post-date\">\n\t\t\t20 de abril de 2026\t\t<\/span>\n\t\t\t\t<\/div>\n\t\t\t\t<\/div>\n\t\t\t\t<\/article>\n\t\t\t\t<article class=\"elementor-post elementor-grid-item post-148 post type-post status-publish format-standard has-post-thumbnail hentry category-sem-categoria\" role=\"listitem\">\n\t\t\t\t<a class=\"elementor-post__thumbnail__link\" href=\"https:\/\/conexaoinhame.com.br\/?p=148\" tabindex=\"-1\" >\n\t\t\t<div class=\"elementor-post__thumbnail\"><img decoding=\"async\" width=\"300\" height=\"180\" src=\"https:\/\/conexaoinhame.com.br\/wp-content\/uploads\/2026\/04\/carro-300x180.png\" class=\"attachment-medium size-medium wp-image-149\" alt=\"\" srcset=\"https:\/\/conexaoinhame.com.br\/wp-content\/uploads\/2026\/04\/carro-300x180.png 300w, https:\/\/conexaoinhame.com.br\/wp-content\/uploads\/2026\/04\/carro-768x461.png 768w, https:\/\/conexaoinhame.com.br\/wp-content\/uploads\/2026\/04\/carro.png 888w\" sizes=\"(max-width: 300px) 100vw, 300px\" \/><\/div>\n\t\t<\/a>\n\t\t\t\t<div class=\"elementor-post__text\">\n\t\t\t\t<h3 class=\"elementor-post__title\">\n\t\t\t<a href=\"https:\/\/conexaoinhame.com.br\/?p=148\" >\n\t\t\t\tBYD e7 \u00e9 bom? Veja pre\u00e7o, autonomia e tecnologias do carro el\u00e9trico\t\t\t<\/a>\n\t\t<\/h3>\n\t\t\t\t<div class=\"elementor-post__meta-data\">\n\t\t\t\t\t<span class=\"elementor-post-date\">\n\t\t\t18 de abril de 2026\t\t<\/span>\n\t\t\t\t<\/div>\n\t\t\t\t<\/div>\n\t\t\t\t<\/article>\n\t\t\t\t<article class=\"elementor-post elementor-grid-item post-237 post type-post status-publish format-standard has-post-thumbnail hentry category-alagoas\" role=\"listitem\">\n\t\t\t\t<a class=\"elementor-post__thumbnail__link\" href=\"https:\/\/conexaoinhame.com.br\/?p=237\" tabindex=\"-1\" >\n\t\t\t<div class=\"elementor-post__thumbnail\"><img decoding=\"async\" width=\"300\" height=\"165\" src=\"https:\/\/conexaoinhame.com.br\/wp-content\/uploads\/2026\/04\/img_1156-1-300x165.jpeg\" class=\"attachment-medium size-medium wp-image-238\" alt=\"\" srcset=\"https:\/\/conexaoinhame.com.br\/wp-content\/uploads\/2026\/04\/img_1156-1-300x165.jpeg 300w, https:\/\/conexaoinhame.com.br\/wp-content\/uploads\/2026\/04\/img_1156-1.jpeg 582w\" sizes=\"(max-width: 300px) 100vw, 300px\" \/><\/div>\n\t\t<\/a>\n\t\t\t\t<div class=\"elementor-post__text\">\n\t\t\t\t<h3 class=\"elementor-post__title\">\n\t\t\t<a href=\"https:\/\/conexaoinhame.com.br\/?p=237\" >\n\t\t\t\tPrefeito Rodrigo Cunha amplia inclus\u00e3o nas escolas com material de comunica\u00e7\u00e3o alternativa e mais 1000 profissionais de Apoio\t\t\t<\/a>\n\t\t<\/h3>\n\t\t\t\t<div class=\"elementor-post__meta-data\">\n\t\t\t\t\t<span class=\"elementor-post-date\">\n\t\t\t20 de abril de 2026\t\t<\/span>\n\t\t\t\t<\/div>\n\t\t\t\t<\/div>\n\t\t\t\t<\/article>\n\t\t\t\t<article class=\"elementor-post elementor-grid-item post-220 post type-post status-publish format-standard has-post-thumbnail hentry category-mundo\" role=\"listitem\">\n\t\t\t\t<a class=\"elementor-post__thumbnail__link\" href=\"https:\/\/conexaoinhame.com.br\/?p=220\" tabindex=\"-1\" >\n\t\t\t<div class=\"elementor-post__thumbnail\"><img loading=\"lazy\" decoding=\"async\" width=\"300\" height=\"155\" src=\"https:\/\/conexaoinhame.com.br\/wp-content\/uploads\/2026\/04\/Captura-de-tela_28-3-2026_2025_www.rfi_.fr_-300x155.jpeg\" class=\"attachment-medium size-medium wp-image-221\" alt=\"\" srcset=\"https:\/\/conexaoinhame.com.br\/wp-content\/uploads\/2026\/04\/Captura-de-tela_28-3-2026_2025_www.rfi_.fr_-300x155.jpeg 300w, https:\/\/conexaoinhame.com.br\/wp-content\/uploads\/2026\/04\/Captura-de-tela_28-3-2026_2025_www.rfi_.fr_-768x397.jpeg 768w, https:\/\/conexaoinhame.com.br\/wp-content\/uploads\/2026\/04\/Captura-de-tela_28-3-2026_2025_www.rfi_.fr_.jpeg 876w\" sizes=\"(max-width: 300px) 100vw, 300px\" \/><\/div>\n\t\t<\/a>\n\t\t\t\t<div class=\"elementor-post__text\">\n\t\t\t\t<h3 class=\"elementor-post__title\">\n\t\t\t<a href=\"https:\/\/conexaoinhame.com.br\/?p=220\" >\n\t\t\t\tGuerra no Oriente M\u00e9dio pressiona Iraque e Macron alerta para risco de expans\u00e3o do conflito\t\t\t<\/a>\n\t\t<\/h3>\n\t\t\t\t<div class=\"elementor-post__meta-data\">\n\t\t\t\t\t<span class=\"elementor-post-date\">\n\t\t\t20 de abril de 2026\t\t<\/span>\n\t\t\t\t<\/div>\n\t\t\t\t<\/div>\n\t\t\t\t<\/article>\n\t\t\t\t<\/div>\n\t\t\n\t\t\t\t\t\t<\/div>\n\t\t\t\t<\/div>\n\t\t\t\t\t<\/div>\n\t\t<\/div>\n\t\t\t\t\t<\/div>\n\t\t<\/section>\n\t\t\t\t<section class=\"elementor-section elementor-inner-section elementor-element elementor-element-655c2004 elementor-section-boxed elementor-section-height-default elementor-section-height-default\" data-id=\"655c2004\" data-element_type=\"section\" data-e-type=\"section\" data-settings=\"{&quot;jet_parallax_layout_list&quot;:[]}\">\n\t\t\t\t\t\t<div class=\"elementor-container elementor-column-gap-no\">\n\t\t\t\t\t<div class=\"elementor-column elementor-col-100 elementor-inner-column elementor-element elementor-element-1130ee15\" data-id=\"1130ee15\" data-element_type=\"column\" data-e-type=\"column\">\n\t\t\t<div class=\"elementor-widget-wrap elementor-element-populated\">\n\t\t\t\t\t\t<div class=\"elementor-element elementor-element-720db11e elementor-widget elementor-widget-image\" data-id=\"720db11e\" data-element_type=\"widget\" data-e-type=\"widget\" data-widget_type=\"image.default\">\n\t\t\t\t\t\t\t\t\t\t\t\t\t\t\t<img loading=\"lazy\" decoding=\"async\" width=\"600\" height=\"500\" src=\"https:\/\/conexaoinhame.com.br\/wp-content\/uploads\/2026\/04\/banner-XNWD9F2.jpg\" class=\"attachment-large size-large wp-image-20\" alt=\"\" srcset=\"https:\/\/conexaoinhame.com.br\/wp-content\/uploads\/2026\/04\/banner-XNWD9F2.jpg 600w, https:\/\/conexaoinhame.com.br\/wp-content\/uploads\/2026\/04\/banner-XNWD9F2-300x250.jpg 300w\" sizes=\"(max-width: 600px) 100vw, 600px\" \/>\t\t\t\t\t\t\t\t\t\t\t\t\t\t\t<\/div>\n\t\t\t\t\t<\/div>\n\t\t<\/div>\n\t\t\t\t\t<\/div>\n\t\t<\/section>\n\t\t\t\t\t<\/div>\n\t\t<\/div>\n\t\t\t\t\t<\/div>\n\t\t<\/section>\n\t\t\t\t<\/div>\n\t\t","protected":false},"excerpt":{"rendered":"<p>\u00daLTIMAS NOT\u00cdCIAS Prefeito Rodrigo Cunha amplia inclus\u00e3o nas escolas com material de comunica\u00e7\u00e3o&#8230; Leia Mais Guerra no Oriente M\u00e9dio pressiona Iraque e Macron alerta para<\/p>\n","protected":false},"author":1,"featured_media":0,"parent":0,"menu_order":0,"comment_status":"closed","ping_status":"closed","template":"elementor_header_footer","meta":{"footnotes":""},"class_list":["post-317","page","type-page","status-publish","hentry"],"_links":{"self":[{"href":"https:\/\/conexaoinhame.com.br\/index.php?rest_route=\/wp\/v2\/pages\/317","targetHints":{"allow":["GET"]}}],"collection":[{"href":"https:\/\/conexaoinhame.com.br\/index.php?rest_route=\/wp\/v2\/pages"}],"about":[{"href":"https:\/\/conexaoinhame.com.br\/index.php?rest_route=\/wp\/v2\/types\/page"}],"author":[{"embeddable":true,"href":"https:\/\/conexaoinhame.com.br\/index.php?rest_route=\/wp\/v2\/users\/1"}],"replies":[{"embeddable":true,"href":"https:\/\/conexaoinhame.com.br\/index.php?rest_route=%2Fwp%2Fv2%2Fcomments&post=317"}],"version-history":[{"count":22,"href":"https:\/\/conexaoinhame.com.br\/index.php?rest_route=\/wp\/v2\/pages\/317\/revisions"}],"predecessor-version":[{"id":342,"href":"https:\/\/conexaoinhame.com.br\/index.php?rest_route=\/wp\/v2\/pages\/317\/revisions\/342"}],"wp:attachment":[{"href":"https:\/\/conexaoinhame.com.br\/index.php?rest_route=%2Fwp%2Fv2%2Fmedia&parent=317"}],"curies":[{"name":"wp","href":"https:\/\/api.w.org\/{rel}","templated":true}]}}